2
Let f(x) = -x**2 - 16*x + 188. Give f(-24).
-4
Let z(v) = v**3 - v**2 - 2*v - 2. Give z(2).
-2
Let a(b) = -b**2 + 4*b - 5. Calculate a(6).
-17
Let c(s) = s**3 - 3*s**2 + 9*s - 24. Calculate c(5).
71
Let s(m) = m**2 - 28. What is s(-6)?
8
Let i(j) = j**3 + 2*j**2 - 8*j - 5. Calculate i(-4).
-5
Let u(b) = -12*b - 133. Give u(-10).
-13
Let f(t) = -t**2 - 6*t + 11. What is f(-8)?
-5
Let w(v) = -v + 4. Give w(8).
-4
Let r(v) = v**2 + 18*v - 14. Give r(-19).
5
Let f(b) = -b**3 + 4*b**2 + 20*b + 15. Calculate f(7).
8
Let l(s) = s**2 + 11*s - 152. Determine l(-19).
0
Let f(w) = 2*w - 1. What is f(3)?
5
Let x(v) = 4*v**2 - 2*v + 3. Determine x(-3).
45
Let q(s) = -4*s + 19. Calculate q(5).
-1
Let f(g) = -8*g**2 - 18*g - 18. What is f(-1)?
-8
Let b(w) = -5*w**3 + 7*w**2 - 3*w + 5. Give b(2).
-13
Let j(m) = 4*m - 45. Calculate j(9).
-9
Let u(o) = 2*o - 39. What is u(7)?
-25
Let z(l) = 2*l**2 + 38*l + 3. Calculate z(-17).
-65
Let a(l) = -28*l + 1. Give a(-1).
29
Let k(l) = 67*l + 600. Give k(-9).
-3
Let t(x) = -x - 4. Calculate t(-4).
0
Let w(n) = n + 5. Calculate w(-15).
-10
Let z(k) = -k**3 + 5*k**2 + 16*k - 3. Give z(7).
11
Let s(g) = 8*g - 28. Determine s(4).
4
Let h(o) = -9*o**2 - 37*o - 38. Determine h(-1).
-10
Let i(x) = -x**3 + 5*x**2 - x + 20. Give i(6).
-22
Let o(a) = a**3 + 25*a**2 + 24*a + 1. Determine o(-24).
1
Let t(w) = -w**3 - 6*w**2 - 2. What is t(-6)?
-2
Let j(k) = 2*k**3 + 6*k - 3. Give j(-3).
-75
Let w(p) = p**3 - 9*p**2 - 9. Determine w(9).
-9
Let d(j) = -5*j - 42. Give d(-10).
8
Let z(l) = 144*l + 1288. What is z(-9)?
-8
Let g(d) = -d**3 - 5*d**2 + 14*d + 8. What is g(-7)?
8
Let i(t) = 7*t + 90. What is i(-14)?
-8
Let y(s) = s**2 - 13*s + 19. Give y(11).
-3
Let j(o) = 3*o**3 - 3*o**2 + 1. What is j(2)?
13
Let f(b) = -b**2 - 20*b - 52. Determine f(-17).
-1
Let j(b) = -b**3 + 14*b**2 - 14*b - 5. What is j(13)?
-18
Let d(a) = a**2 - 22*a + 105. Determine d(14).
-7
Let c(u) = -u**2 - 38*u + 169. What is c(4)?
1
Let a(f) = -10*f**2 + f. Determine a(1).
-9
Let t(f) = -f**3 - 7*f**2 + 6. Calculate t(-3).
-30
Let c(t) = -t**3 + 2. Calculate c(2).
-6
Let g(s) = -s**3 + 7*s**2 + 2*s - 4. What is g(8)?
-52
Let k(t) = -t**3 + 9*t**2 - 11*t + 1. Give k(8).
-23
Let q(s) = 7*s**3 - 19*s**2 - 9. Calculate q(3).
9
Let s(r) = -2*r - 27. Determine s(-17).
7
Let q(l) = -l**3 + 7*l**2 + 2*l + 8. What is q(7)?
22
Let t(d) = d**3 + 3*d**2 + 7*d + 4. Determine t(-2).
-6
Let m(g) = -g**3 + g**2 - g - 25. Give m(0).
-25
Let c(d) = -20*d + 3. Give c(2).
-37
Let k(z) = z**2 - 25*z - 154. Give k(30).
-4
Let z(d) = -d**3 - 4*d**2 - 2*d + 2. What is z(-3)?
-1
Let z(d) = 2*d**3 + 7*d**2 - 8*d - 10. Determine z(-4).
6
Let b(c) = 2*c + 7. Give b(5).
17
Let p(a) = 3*a**3 - 4*a**2 + 4*a - 2. Calculate p(2).
14
Let n(h) = -h**3 - 6*h**2 + 17*h - 17. What is n(-8)?
-25
Let x(g) = -g + 11. What is x(6)?
5
Let w(p) = -p**3 + 5*p**2 + 23*p - 120. Give w(5).
-5
Let x(y) = 59*y + 280. Give x(-5).
-15
Let u(z) = 4*z - 7. Calculate u(-6).
-31
Let f(g) = -g**3 - 6*g**2. Give f(-5).
-25
Let d(i) = i**2 + 11*i - 135. Determine d(7).
-9
Let q(f) = -7*f + 8. What is q(-2)?
22
Let h(j) = -j**2 - 4*j - 2. Calculate h(-6).
-14
Let m(i) = -79*i - 553. Give m(-7).
0
Let s(u) = -u**2 + 8*u + 14. Give s(9).
5
Let x(g) = -5*g + 35. What is x(4)?
15
Let s(p) = 4*p**3 - 3*p**2 + p - 5. Give s(2).
17
Let i(v) = v**2 - 14*v + 9. Calculate i(11).
-24
Let b(l) = -6*l**2 - 31*l + 25. Calculate b(-6).
-5
Let q(n) = 84*n + 157. Determine q(-2).
-11
Let g(c) = 2*c + 39. What is g(-7)?
25
Let j(c) = -c**3 + 2*c**2 - c - 6. Give j(6).
-156
Let t(q) = q**3 + 8*q**2 - 11*q - 3. Give t(-9).
15
Let w(c) = -c**3 + 14*c**2 - 4*c - 5. Calculate w(14).
-61
Let g(d) = d - 6. Calculate g(6).
0
Let n(x) = -2*x**2 + 9*x + 13. Give n(-2).
-13
Let k(r) = -4*r + 15. Determine k(3).
3
Let b(l) = -10*l + 33. Give b(7).
-37
Let o(u) = 2*u**2 - 8*u - 18. Calculate o(-2).
6
Let z(g) = -g**3 - 3*g**2 + 13*g + 11. What is z(-5)?
-4
Let j(o) = -o**3 - 4*o**2 + 27*o - 1. What is j(-8)?
39
Let a(w) = -w**3 + 7*w**2 + 10*w - 6. Calculate a(7).
64
Let g(c) = -c - 17. Give g(-2).
-15
Let i(p) = -p**2 + 13*p - 13. What is i(9)?
23
Let r(l) = -7*l - 10. Calculate r(-7).
39
Let h(f) = -68*f - 13. What is h(0)?
-13
Let h(s) = -63*s + 566. Give h(9).
-1
Let n(s) = 11*s - 1. Determine n(3).
32
Let y(l) = 3*l**2 + 29*l - 10. Give y(-9).
-28
Let y(a) = -a**2 - 39*a + 291. Give y(-45).
21
Let h(u) = u**3 - 2*u**2 + 2*u - 4. Determine h(2).
0
Let x(z) = -z**3 - 6*z**2 + 2*z - 4. Calculate x(-7).
31
Let q(i) = i**3 + 9*i**2 + 13*i + 34. Calculate q(-8).
-6
Let m(l) = -2*l**2 - 77*l - 37. Give m(-38).
1
Let n(o) = -3*o**2 - 12*o + 11. Give n(-5).
-4
Let a(c) = -c**3 + 5*c**2 + 5*c - 15. Calculate a(4).
21
Let u(o) = o**3 + 4*o**2 - o + 19. Calculate u(-5).
-1
Let g(o) = o**2 + 15*o + 40. Determine g(-10).
-10
Let x(o) = -2*o**2 - 13*o - 9. What is x(-6)?
-3
Let o(g) = g**3 - 5*g**2 - 8*g + 4. Calculate o(5).
-36
Let l(p) = -p**3 - p**2 - 4*p - 1. Calculate l(3).
-49
Let n(u) = -u**2 - 21*u - 2. Calculate n(-21).
-2
Let c(l) = l**2 + 11*l + 4. Calculate c(-4).
-24
Let u(c) = -c**2 - 11. Determine u(-6).
-47
Let u(c) = -c**3 + 4*c**2 + 11*c - 22. Determine u(5).
8
Let z(r) = -4*r + 5. Determine z(2).
-3
Let x(z) = -z - 35. What is x(4)?
-39
Let g(v) = -4*v + 90. Calculate g(26).
-14
Let p(r) = -17*r + 33. Give p(3).
-18
Let q(a) = -5*a**2 - 7*a. Determine q(-6).
-138
Let t(j) = 26*j - 308. What is t(12)?
4
Let x(d) = d**2 - 7*d - 5. Determine x(6).
-11
Let d(w) = -6*w - 69. Determine d(-12).
3
Let v(p) = 5*p**2 + 5*p - 11. Give v(-5).
89
Let v(q) = -q**2 + q + 8. What is v(-4)?
-12
Let t(x) = -x**2 + 24*x - 48. Calculate t(22).
-4
Let m(k) = -2*k**3 - 3*k**2 + 1. Calculate m(-2).
5
Let w(z) = -z**2 - 8*z - 2. Give w(-6).
10
Let z(m) = -7*m**3 - 2*m**2 + m + 2. What is z(-1)?
6
Let x(f) = 7*f + 111. Calculate x(-16).
-1
Let m(b) = -2*b**2 + 45*b - 10. Calculate m(22).
12
Let t(n) = -n**2 - 2*n + 20. What is t(-5)?
5
Let h(c) = 2*c**2 - 6*c + 10. What is h(3)?
10
Let a(l) = l**2 - 18. What is a(0)?
-18
Let p(h) = 7*h + 14. Determine p(-6).
-28
Let c(v) = -v**2 + 14*v - 24. Determine c(11).
9
Let j(u) = -22*u + 87. Determine j(5).
-23
Let v(t) = -t**2 - t + 55. Determine v(-8).
-1
Let z(n) = 25*n + 1. Determine z(1).
26
Let z(n) = -n**2 - 10*n + 22. Determine z(-10).
22
Let v(j) = 22*j - 89. Determine v(7).
65
Let o(c) = -5*c - 30. Calculate o(-6).
0
Let w(u) = -15*u**3 + u**2 - u + 1. Calculate w(1).
-14
Let s(w) = 7*w**2 + 4*w + 3. What is s(2)?
39
Let g(u) = u**2 + 9*u + 5. What is g(-7)?
-9
Let z(u) = u**2 - 8*u + 19. Calculate z(6).
7
Let x(g) = -14*g**3 - 2*g**2 + 1. Give x(1).
-15
Let x(u) = -u**3 + 7*u**2 + 4*u + 3. Determine x(8).
-29
Let z(g) = g**2 - 4*g + 3. Calculate z(3).
0
Let z(w) = -w**2 - 32*w - 265. Determine z(-17).
-10
Let h(c) = c**2 - 17*c - 47. Calculate h(19).
-9
Let r(k) = -23*k + 160. Give r(7).
-1
Let v(l) = l**2 - 30*l + 82. Give v(28).
26
Let k(q) = -q**2 + 17*q + 9. What is k(10)?
79
Let x(z) = -z**2 + 3*z + 281. Calculate x(-15).
11
Let y(n) = n**2 + 8*n + 14. What is y(-6)?
2
Let h(g) = -g - 6. Determine h(4).
-10
Let t(z) = 8*z + 11. What is t(5)?
51
Let a(v) = 5*v - 111. What is a(12)?
-51
Let k(b) = -2*b**3 - 38*b**2 - 38*b - 34. What is k(-18)?
2
Let b(a) = 3*a**2 + 2*a + 2. Determine b(-2).
10
Let s(b) = b**2 + 13*b - 11. Give s(-14).
3
Let q(b) = -b**3 - b**2 + 20*b + 17. Give q(-5).
17
Let f(o) = o**3 + 13*o**2 + 14*o + 17. Give f(-12).
-7
Let n(u) = u - 8. Give n(5).
-3
Let d(r) = -3*r**3 - 14*r**2 + 6*r + 12. Calculate d(-5).
7
Let x(a) = -18*a + 23. Give x(1).
5
Let g(y) = 8*y**3 + 3*y**2 - 5*y - 8. What is g(-1)?
-8
Let p(m) = m**2 + 4*m - 22. Give p(-6).
-10
Let n(w) = w**3 - 29*w**2 - 3*w + 81. What is n(29)?
-6
Let c(o) = -o**2 - 5*o + 6. Calculate c(-5).
6
Let f(g) = 4*g - 4. Determine f(-6).
-28
Let q(r) = -r**3 + 11*r**2 - 8*r + 76. Calculate q(11).
-12
Let b(w) = -6*w + 98. What is b(25)?
-52
Let c(r) = r**3 + 22*r**2 - 19*r + 103. Determine c(-23).
11
Let i(r) = -r**3 - r - 36. Determine i(0).
-36
Let u(h) = -10*h - 113. Calculate u(-8).
-33
Let c(a) = 6*a - 6. Give c(-6).
-42
Let n(h) = 42*h - 39. Calculate n(-2).
-123
Let u(f) = 6*f - 60. Calculate u(19).
54
Let m(x) = 4*x + 13. Calculat